le of 67?
False
Does 3 divide 919?
False
Does 40 divide 393?
False
Is 24694 a multiple of 84?
False
Is 28 a factor of 5096?
True
Is 8515 a multiple of 3?
False
Is 23 a factor of 644?
True
Is 27 a factor of 10355?
False
Is 8600 a multiple of 8?
True
Does 76 divide 3040?
True
Is 1134 a multiple of 14?
True
Does 68 divide 14144?
True
Is 7 a factor of 16095?
False
Does 78 divide 146?
False
Does 5 divide 2660?
True
Is 39 a multiple of 3?
True
Does 101 divide 1758?
False
Does 4 divide 1236?
True
Is 400 a multiple of 16?
True
Is 21 a factor of 1375?
False
Does 5 divide 17460?
True
Is 419 a multiple of 5?
False
Is 2812 a multiple of 37?
True
Is 704 a multiple of 27?
False
Is 16 a factor of 288?
True
Is 27161 a multiple of 97?
False
Is 7 a factor of 3920?
True
Is 7893 a multiple of 6?
False
Does 69 divide 36501?
True
Is 29 a factor of 1874?
False
Is 185 a multiple of 3?
False
Is 4392 a multiple of 8?
True
Does 186 divide 33294?
True
Does 6 divide 88?
False
Does 10 divide 11666?
False
Does 58 divide 2668?
True
Is 18 a factor of 47448?
True
Does 2 divide 161?
False
Is 5079 a multiple of 3?
True
Is 147 a factor of 9766?
False
Is 546 a multiple of 13?
True
Is 10 a factor of 1070?
True
Does 2 divide 365?
False
Is 20562 a multiple of 15?
False
Is 5785 a multiple of 51?
False
Does 18 divide 2790?
True
Does 21 divide 34168?
False
Is 1210 a multiple of 15?
False
Is 1969 a multiple of 10?
False
Is 18600 a multiple of 50?
True
Does 4 divide 647?
False
Is 920 a multiple of 23?
True
Is 4785 a multiple of 55?
True
Is 34 a factor of 2584?
True
Is 211 a multiple of 2?
False
Is 7 a factor of 1241?
False
Is 2 a factor of 83?
False
Is 148 a factor of 16252?
False
Is 80 a factor of 827?
False
Is 584 a multiple of 11?
False
Is 9333 a multiple of 153?
True
Is 126 a multiple of 14?
True
Does 43 divide 22016?
True
Is 22 a factor of 10076?
True
Is 247 a multiple of 5?
False
Does 5 divide 149?
False
Is 133 a factor of 7315?
True
Is 11 a factor of 1276?
True
Does 7 divide 16751?
True
Does 33 divide 33?
True
Does 6 divide 4620?
True
Does 28 divide 560?
True
Is 28 a factor of 63?
False
Does 54 divide 1421?
False
Does 17 divide 943?
False
Is 57029 a multiple of 98?
False
Does 21 divide 2205?
True
Is 62242 a multiple of 171?
False
Is 26 a factor of 65663?
False
Is 99592 a multiple of 11?
False
Does 9 divide 90?
True
Does 19 divide 18373?
True
Does 4 divide 1729?
False
Is 66 a factor of 3914?
False
Is 1250 a multiple of 58?
False
Is 737 a multiple of 67?
True
Is 288 a multiple of 24?
True
Does 37 divide 17871?
True
Is 876 a multiple of 73?
True
Does 11 divide 297?
True
Is 77 a multiple of 11?
True
Is 56 a factor of 504?
True
Does 10 divide 1260?
True
Is 16650 a multiple of 90?
True
Is 16 a factor of 4478?
False
Does 24 divide 1068?
False
Is 65 a factor of 1965?
False
Is 21 a factor of 105?
True
Is 46075 a multiple of 272?
False
Does 4 divide 887?
False
Is 49088 a multiple of 32?
True
Does 24 divide 9744?
True
Does 238 divide 9993?
False
Does 19 divide 10260?
True
Is 40 a factor of 11320?
True
Does 11 divide 4843?
False
Does 14 divide 2873?
False
Is 3060 a multiple of 12?
True
Is 10798 a multiple of 31?
False
Is 1035 a multiple of 69?
True
Is 11 a factor of 1428?
False
Is 4752 a multiple of 12?
True
Is 26 a factor of 1170?
True
Is 120 a factor of 2200?
False
Does 6 divide 659?
False
Is 188 a multiple of 54?
False
Does 7 divide 58?
False
Is 119 a factor of 9715?
False
Does 5 divide 170?
True
Is 350 a multiple of 14?
True
Does 92 divide 354?
False
Does 32 divide 12406?
False
Does 3 divide 351?
True
Does 45 divide 404?
False
Does 129 divide 7224?
True
Does 88 divide 4224?
True
Is 4 a factor of 3676?
True
Is 10 a factor of 633?
False
Is 8 a factor of 8?
True
Does 88 divide 5233?
False
Is 69855 a multiple of 13?
False
Does 5 divide 1612?
False
Is 21 a factor of 1197?
True
Does 72 divide 14904?
True
Is 7 a factor of 1393?
True
Is 34 a factor of 238?
True
Is 861 a multiple of 21?
True
Is 34 a factor of 6970?
True
Is 1421 a multiple of 9?
False
Does 14 divide 80528?
True
Is 3077 even?
False
Is 4494 a multiple of 15?
False
Is 200 a factor of 14587?
False
Is 1073 a multiple of 37?
True
Is 16796 a multiple of 95?
False
Does 16 divide 26720?
True
Does 2 divide 21?
False
Is 268 a multiple of 19?
False
Is 3730 a multiple of 10?
True
Is 54 a factor of 1350?
True
Is 360 a multiple of 20?
True
Is 67558 a multiple of 17?
True
Is 12663 a multiple of 79?
False
Is 18 a factor of 1530?
True
Is 5131 a multiple of 2?
False
Is 18 a factor of 12564?
True
Does 8 divide 9200?
True
Is 3 a factor of 134?
False
Is 152192 a multiple of 232?
True
Does 95 divide 7134?
False
Is 83 a factor of 4967?
False
Is 735 a multiple of 15?
True
Is 14 a factor of 1123?
False
Does 40 divide 24080?
True
Is 984 a multiple of 58?
False
Is 1597 a multiple of 11?
False
Is 16 a factor of 188?
False
Is 13 a factor of 1736?
False
Is 36 a factor of 12060?
True
Is 2368 a multiple of 74?
True
Does 61 divide 2501?
True
Does 59 divide 3835?
True
Is 141 a factor of 52819?
False
Does 19 divide 513?
True
Is 4914 a multiple of 42?
True
Does 4 divide 38?
False
Is 12069 a multiple of 20?
False
Is 160 a factor of 40820?
False
Does 15 divide 82831?
False
Does 69 divide 2001?
True
Does 71 divide 3204?
False
Does 78 divide 468?
True
Does 14 divide 4287?
False
Does 28 divide 101472?
True
Is 40 a factor of 20210?
False
Does 4 divide 80?
True
Is 99 a factor of 1667?
False
Is 160 a factor of 5760?
True
Does 74 divide 2072?
True
Does 29 divide 6423?
False
Is 987 a multiple of 2?
False
Does 5 divide 7370?
True
Is 60 a factor of 76986?
False
Is 320 a multiple of 42?
False
Does 18 divide 32428?
False
Is 11 a factor of 25674?
True
Is 120 a factor of 1548?
False
Is 60056 a multiple of 247?
False
Is 470 a multiple of 12?
False
Is 6100 a multiple of 51?
False
Does 6 divide 2967?
False
Is 2 a factor of 117?
False
Is 473 a multiple of 68?
False
Is 17 a factor of 4709?
True
Is 6254 a multiple of 23?
False
Is 14946 a multiple of 15?
False
Is 191 a multiple of 4?
False
Is 4 a factor of 507?
False
Is 1834 a multiple of 14?
True
Does 15 divide 4860?
True
Is 9 a factor of 324?
True
Is 46 a factor of 5063?
False
Is 3 a factor of 929?
False
Is 41 a factor of 1722?
True
Is 29 a factor of 203?
True
Is 153 a multiple of 10?
False
Is 22 a factor of 20381?
False
Is 2 a factor of 55?
False
Is 558 a multiple of 18?
True
Is 108 a multiple of 18?
True
Is 23101 a multiple of 21?
False
Is 108 a multiple of 9?
True
Is 3899 a multiple of 7?
True
Does 27 divide 2268?
True
Is 12546 a multiple of 28?
False
Is 865 a multiple of 5?
True
Does 37 divide 7574?
False
Does 33 divide 5808?
True
Is 17976 a multiple of 23?
False
Is 23 a factor of 17413?
False
Does 48 divide 154662?
False
Is 4074 a multiple of 23?
False
Is 62 a multiple of 26?
False
Is 11 a factor of 6974?
True
Does 113 divide 6554?
True
Is 345 a multiple of 3?
True
Is 31977 a multiple of 19?
True
Is 7532 a multiple of 57?
False
Is 16 a factor of 7452?
False
Does 71 divide 1917?
True
Is 343 a factor of 3479?
False
Is 798 a multiple of 8?
False
Does 67 divide 21708?
True
Is 896 a multiple of 16?
True
Is 51 a factor of 538?
False
Is 6824 a multiple of 8?
True
Does 26 divide 19244?
False
Is 3 a factor of 87?
True
Is 44 a factor of 853?
False
Is 1406 a multiple of 37?
True
Does 12 divide 1404?
True
Is 14644 a multiple of 14?
True
Is 9 a factor of 28698?
False
Is 39 a factor of 265?
False
Does 87 divide 10973?
False
Is 8379 a multiple of 19?
True
Is 1945 a multiple of 5?
True
Does 12 divide 60?
True
Does 6 divide 23814?
True
Is 252 a multiple of 14?
True
Is 84 a multiple of 12?
True
Is 3 a factor of 192?
True
Does 12 divide 736?
False
Is 21476 a multiple of 13?
True
Is 260 a multiple of 52?
True
Is 8991 a multiple of 53?
False
Does 34 divide 3502?
True
Does 7 divide 2430?
False
Is 14 a factor of 20776?
True
Does 19 divide 11609?
True
Does 49 divide 27342?
True
Is 8 a factor of 1480?
True
Is 6 a factor of 1566?
True
Is 6288 a multiple of 262?
True
Is 8094 a multiple of 151?
False
Is 1314 a multiple of 106?
False
Is 75 a multiple of 2?
False
Is 11 a factor of 4202?
True
Is 390 a multiple of 10?
True
Does 17 divide 68?
True
Does 23 divide 554?
False
Is 1117 a multiple of 36?
False
Does 19 divide 31532?
False
Is 3 a factor of 55?
False
Doe